{"id":694,"date":"2014-05-09T15:20:01","date_gmt":"2014-05-09T14:20:01","guid":{"rendered":"http:\/\/localhost\/CSCP\/?page_id=694"},"modified":"2014-12-17T20:38:23","modified_gmt":"2014-12-17T19:38:23","slug":"schoelcher","status":"publish","type":"page","link":"https:\/\/www.cscp-plongee.com\/?page_id=694","title":{"rendered":"Schoelcher"},"content":{"rendered":"<p><span style=\"font-size: 14pt; color: #003300; font-family: 'comic sans ms', sans-serif;\"><strong>Le Lady V<\/strong><\/span><\/p>\n<p>&nbsp;<\/p>\n<p><img decoding=\"async\" class=\"wp-image-1734 alignleft\" src=\"http:\/\/maquettecasepilote.files.wordpress.com\/2014\/05\/ladyv.jpg\" alt=\"ladyV\" width=\"119\" height=\"89\" \/><\/p>\n<p>&nbsp;<\/p>\n<p>&nbsp;<\/p>\n<p>&nbsp;<\/p>\n<p><strong><span style=\"color: #800080;\">Zone d&rsquo;exploration<\/span><\/strong> : Surface \u00e0 15 m.<\/p>\n<p><span style=\"font-family: 'book antiqua', palatino; font-size: 12pt;\"><span style=\"color: #800080;\"><strong>Type de fond :<\/strong><\/span> Epave sur sable.<\/span><\/p>\n<p><span style=\"font-family: 'book antiqua', palatino; font-size: 12pt;\"><span style=\"color: #800080;\"><strong>Faune \/ flore<\/strong><\/span> : Petites \u00e9ponges, mombins, sardes.<\/span><\/p>\n<p><span style=\"font-family: 'book antiqua', palatino; font-size: 12pt;\"><strong><span style=\"color: #800080;\">Rencontres<\/span> <\/strong>: Langoustes, barracudas.<\/span><\/p>\n<p><span style=\"font-family: 'book antiqua', palatino; font-size: 12pt;\"><span style=\"color: #800080;\"><strong>Niveau minimum requis (FFESSM)<\/strong><\/span> : Niv I.<\/span><\/p>\n<p><span style=\"font-family: 'book antiqua', palatino; font-size: 12pt;\"><strong><span style=\"color: #800080;\">Remarques utiles<\/span><\/strong> :<br \/>\nPetite \u00e9pave d&rsquo;un yacht de 25 m\u00e8tres de long. Cette \u00e9pave est situ\u00e9e \u00e0 50 m\u00e8tres de la plage <\/span><\/p>\n","protected":false},"excerpt":{"rendered":"<p>Le Lady V &nbsp; &nbsp; &nbsp; &nbsp; Zone d&rsquo;exploration : Surface \u00e0 15 m. Type de fond : Epave sur sable. Faune \/ flore : Petites \u00e9ponges, mombins, sardes. Rencontres : Langoustes, barracudas. Niveau minimum requis (FFESSM) : Niv I. Remarques utiles : Petite \u00e9pave d&rsquo;un yacht de 25 m\u00e8tres de long. Cette \u00e9pave est &hellip; <\/p>\n<p><a class=\"more-link btn\" href=\"https:\/\/www.cscp-plongee.com\/?page_id=694\">Lire la suite<\/a><\/p>\n","protected":false},"author":2,"featured_media":0,"parent":640,"menu_order":0,"comment_status":"closed","ping_status":"closed","template":"","meta":{"footnotes":""},"class_list":["post-694","page","type-page","status-publish","hentry","nodate","item-wrap"],"_links":{"self":[{"href":"https:\/\/www.cscp-plongee.com\/index.php?rest_route=\/wp\/v2\/pages\/694","targetHints":{"allow":["GET"]}}],"collection":[{"href":"https:\/\/www.cscp-plongee.com\/index.php?rest_route=\/wp\/v2\/pages"}],"about":[{"href":"https:\/\/www.cscp-plongee.com\/index.php?rest_route=\/wp\/v2\/types\/page"}],"author":[{"embeddable":true,"href":"https:\/\/www.cscp-plongee.com\/index.php?rest_route=\/wp\/v2\/users\/2"}],"replies":[{"embeddable":true,"href":"https:\/\/www.cscp-plongee.com\/index.php?rest_route=%2Fwp%2Fv2%2Fcomments&post=694"}],"version-history":[{"count":1,"href":"https:\/\/www.cscp-plongee.com\/index.php?rest_route=\/wp\/v2\/pages\/694\/revisions"}],"predecessor-version":[{"id":2035,"href":"https:\/\/www.cscp-plongee.com\/index.php?rest_route=\/wp\/v2\/pages\/694\/revisions\/2035"}],"up":[{"embeddable":true,"href":"https:\/\/www.cscp-plongee.com\/index.php?rest_route=\/wp\/v2\/pages\/640"}],"wp:attachment":[{"href":"https:\/\/www.cscp-plongee.com\/index.php?rest_route=%2Fwp%2Fv2%2Fmedia&parent=694"}],"curies":[{"name":"wp","href":"https:\/\/api.w.org\/{rel}","templated":true}]}}