{"id":518,"date":"2014-05-01T23:28:20","date_gmt":"2014-05-01T22:28:20","guid":{"rendered":"http:\/\/localhost\/CSCP\/?page_id=518"},"modified":"2022-12-13T11:15:24","modified_gmt":"2022-12-13T10:15:24","slug":"liens-utiles","status":"publish","type":"page","link":"https:\/\/www.cscp-plongee.com\/?page_id=518","title":{"rendered":"FFESSM, Plong\u00e9e et Plus&#8230;"},"content":{"rendered":"<p style=\"text-align: center;\"><span style=\"font-family: 'book antiqua', palatino; color: #003300; font-size: 12pt;\">Si vous avez de bonnes adresses qui pourraient int\u00e9resser nos amis plongeurs, n&rsquo;h\u00e9sitez pas \u00e0 contacter le <a href=\"mailto:mcortole@free.fr\" target=\"_blank\" rel=\"noopener\">webmestre<\/a><\/span><\/p>\n<table class=\"tablepress tablepress-id-13\">\n<tbody class=\"row-hover\">\n<tr class=\"row-1\">\n<td class=\"column-1\" style=\"text-align: center;\" colspan=\"2\">\n<h3><em><span style=\"color: #003300;\"><strong>La FFESSM et sa descendance<\/strong><\/span><\/em><\/h3>\n<\/td>\n<\/tr>\n<tr class=\"row-2\">\n<td class=\"column-1\"><a href=\"http:\/\/www.ffessm.fr\/\" target=\"_blank\" rel=\"noopener\">FFESSM<\/a><\/td>\n<td class=\"column-2\">F\u00e9d\u00e9ration Fran\u00e7aise d&rsquo;Etude et de Sports Sous-Marin &#8211; Le Site<\/td>\n<\/tr>\n<tr class=\"row-3\">\n<td class=\"column-1\"><a href=\"https:\/\/ffessm-martinique-guyane.fr\" target=\"_blank\" rel=\"noopener\">COMASSUB<\/a><\/td>\n<td class=\"column-2\">Comit\u00e9 R\u00e9gional des Activit\u00e9s et Sports Subaquatiques Martinique-Guyane<\/td>\n<\/tr>\n<tr class=\"row-4\">\n<td class=\"column-1\"><a href=\"http:\/\/www.ctrmartinique.com\/\" target=\"_blank\" rel=\"noopener\">CTR 972<\/a><\/td>\n<td class=\"column-2\">Commission Technique R\u00e9gionale 972<\/td>\n<\/tr>\n<tr class=\"row-5\">\n<td class=\"column-1\"><a href=\"http:\/\/gjl.pagesperso-orange.fr\/crc\/\" target=\"_blank\" rel=\"noopener\">CORSE<\/a><\/td>\n<td class=\"column-2\">Comit\u00e9 R\u00e9gional Corse<\/td>\n<\/tr>\n<tr class=\"row-6\">\n<td class=\"column-1\"><a href=\"http:\/\/www.ffessm-cif.fr\/\" target=\"_blank\" rel=\"noopener\">ILE DE FRANCE<\/a><\/td>\n<td class=\"column-2\">Comit\u00e9 R\u00e9gional Ile de France<\/td>\n<\/tr>\n<tr class=\"row-7\">\n<td class=\"column-1\"><a href=\"http:\/\/www.ffessm-provence.net\/\" target=\"_blank\" rel=\"noopener\">PROVENCE<\/a><\/td>\n<td class=\"column-2\">Comit\u00e9 R\u00e9gional Provence &#8211; C\u00f4te d&rsquo;Azur<\/td>\n<\/tr>\n<tr class=\"row-8\">\n<td class=\"column-1\"><a href=\"http:\/\/www.cibpl.fr\/codep-44\/bienvenue.aspx\" target=\"_blank\" rel=\"noopener\">LOIRE ATLANTIQUE<\/a><\/td>\n<td class=\"column-2\">Comit\u00e9 D\u00e9partemental Loire Atlantique<\/td>\n<\/tr>\n<tr class=\"row-9\">\n<td class=\"column-1\"><a href=\"http:\/\/www.cibpl.fr\/codep-29\/bienvenue.aspx\" target=\"_blank\" rel=\"noopener\">PAYS BIGOUDIN<\/a><\/td>\n<td class=\"column-2\">Comit\u00e9 D\u00e9partemental Finist\u00e8re<\/td>\n<\/tr>\n<tr class=\"row-10\">\n<td class=\"column-1\"><a href=\"http:\/\/cir.lrmp.pagesperso-orange.fr\/\" target=\"_blank\" rel=\"noopener\">LR &#8211; MP<\/a><\/td>\n<td class=\"column-2\">Comit\u00e9 Inter-R\u00e9gional Languedoc Roussillon &#8211; Midi Pyr\u00e9n\u00e9es<\/td>\n<\/tr>\n<tr class=\"row-11\">\n<td class=\"column-1\" style=\"text-align: center;\" colspan=\"2\">\n<h3><span style=\"color: #003300;\"><strong>Organismes<\/strong><\/span><\/h3>\n<\/td>\n<\/tr>\n<tr class=\"row-12\">\n<td class=\"column-1\"><a href=\"http:\/\/www.aurel32.net\/plongee\/cmas.php.fr\" target=\"_blank\" rel=\"noopener\">CMAS<\/a><\/td>\n<td class=\"column-2\">Conf\u00e9d\u00e9ration Mondiale des Sports Sous-Marin<\/td>\n<\/tr>\n<tr class=\"row-13\">\n<td class=\"column-1\"><a href=\"http:\/\/arpe.asso.free.fr\/\" target=\"_blank\" rel=\"noopener\">ARPE<\/a><\/td>\n<td class=\"column-2\">Association de R\u00e9flexion pour la Plong\u00e9e Enfant<\/td>\n<\/tr>\n<tr class=\"row-14\">\n<td class=\"column-1\"><a href=\"http:\/\/archeonavale.org\/gran2012\/\" target=\"_blank\" rel=\"noopener\">ARCHEO. NAVALE<\/a><\/td>\n<td class=\"column-2\">Groupe de recherche en Arch\u00e9ologie Navale<\/td>\n<\/tr>\n<tr class=\"row-15\">\n<td class=\"column-1\"><a href=\"http:\/\/www.ommm-martinique.org\/\" target=\"_blank\" rel=\"noopener\">OMMM<\/a><\/td>\n<td class=\"column-2\">Observatoire du Milieu Marin Martiniquais<\/td>\n<\/tr>\n<tr class=\"row-16\">\n<td class=\"column-1\" style=\"text-align: center;\" colspan=\"2\">\n<h3><span style=\"color: #003300;\"><strong>Les Amis<\/strong><\/span><\/h3>\n<\/td>\n<\/tr>\n<tr class=\"row-17\">\n<td class=\"column-1\"><a href=\"http:\/\/www.blog.francis-leguen.com\/television\/carnets-de-plongee\/\" target=\"_blank\" rel=\"noopener\">FRANCIS LE GUEN<\/a><\/td>\n<td class=\"column-2\">Un nouveau Site sympa avec une super page de liens<\/td>\n<\/tr>\n<tr class=\"row-18\">\n<td class=\"column-1\" style=\"text-align: center;\" colspan=\"2\">\n<h3><span style=\"color: #003300;\"><strong>La Plong\u00e9e dans tous ses \u00e9tats<\/strong><\/span><\/h3>\n<\/td>\n<\/tr>\n<tr class=\"row-19\">\n<td class=\"column-1\"><a href=\"http:\/\/gemopa.free.fr\/\" target=\"_blank\" rel=\"noopener\">GEMOPA<\/a><\/td>\n<td class=\"column-2\">Un annuaire des clubs de plong\u00e9e super complet !!<\/td>\n<\/tr>\n<tr class=\"row-20\">\n<td class=\"column-1\" colspan=\"2\">\n<h3 style=\"text-align: center;\"><span style=\"color: #003300;\"><strong>Explo &amp; Voyages<\/strong><\/span><\/h3>\n<\/td>\n<\/tr>\n<tr class=\"row-21\">\n<td class=\"column-1\"><a href=\"http:\/\/www.tekdiv.com\/\" target=\"_blank\" rel=\"noopener\">TEKDIV<\/a><\/td>\n<td class=\"column-2\">Explorations au Canada<\/td>\n<\/tr>\n<tr class=\"row-22\">\n<td class=\"column-1\" style=\"text-align: center;\" colspan=\"2\">\n<h3><span style=\"color: #003300;\"><strong>La Formation<\/strong><\/span><\/h3>\n<\/td>\n<\/tr>\n<tr class=\"row-23\">\n<td class=\"column-1\"><a href=\"http:\/\/joel.talon.pagesperso-orange.fr\/\" target=\"_blank\" rel=\"noopener\">JOEL TALON<\/a><\/td>\n<td class=\"column-2\">Des docs int\u00e9ressants pour Stagiaires p\u00e9dagogique<\/td>\n<\/tr>\n<tr class=\"row-24\">\n<td class=\"column-1\"><a href=\"http:\/\/www.cibpl.fr\/fr\/comite-ffessm-bretagne-pays-de-loire.aspx\" target=\"_blank\" rel=\"noopener\">Comit\u00e9 Bretagne Pays de la Loire<\/a><\/td>\n<td class=\"column-2\">Des formations int\u00e9ressantes<\/td>\n<\/tr>\n<tr class=\"row-25\">\n<td class=\"column-1\" style=\"text-align: center;\" colspan=\"2\">\n<h3><span style=\"color: #003300;\"><strong>Les magazines sp\u00e9cialis\u00e9s<\/strong><\/span><\/h3>\n<\/td>\n<\/tr>\n<tr class=\"row-26\">\n<td class=\"column-1\" style=\"text-align: center;\" colspan=\"2\"><a href=\"http:\/\/www.apnea.fr\/\" target=\"_blank\" rel=\"noopener\">APNEA<\/a><\/td>\n<\/tr>\n<tr class=\"row-27\">\n<td class=\"column-1\" style=\"text-align: center;\" colspan=\"2\"><a href=\"https:\/\/www.france.tv\/france-3\/thalassa\/\" target=\"_blank\" rel=\"noopener\">THALASSA<\/a><\/td>\n<\/tr>\n<tr class=\"row-28\">\n<td class=\"column-1\" style=\"text-align: center;\" colspan=\"2\"><a href=\"http:\/\/www.plongee-mag.net\/\" target=\"_blank\" rel=\"noopener\">PLONGEE MAG.<\/a><\/td>\n<\/tr>\n<tr class=\"row-29\">\n<td class=\"column-1\" style=\"text-align: center;\" colspan=\"2\"><a href=\"http:\/\/www.plongeur.com\/magazine\/\" target=\"_blank\" rel=\"noopener\">PLONGEUR INTER.<\/a><\/td>\n<\/tr>\n<tr class=\"row-30\">\n<td class=\"column-1\" style=\"text-align: center;\" colspan=\"2\"><a href=\"http:\/\/www.scubadiving.com\/\" target=\"_blank\" rel=\"noopener\">SCUBADIVING<\/a><\/td>\n<\/tr>\n<tr class=\"row-31\">\n<td class=\"column-1\" style=\"text-align: center;\" colspan=\"2\"><a href=\"https:\/\/www.mer-ocean.com\/\" target=\"_blank\" rel=\"noopener\">OCEANS<\/a><\/td>\n<\/tr>\n<tr class=\"row-32\">\n<td class=\"column-1\" colspan=\"2\">\n<h3 style=\"text-align: center;\"><span style=\"color: #003300;\"><strong>Le Matos<\/strong><\/span><\/h3>\n<\/td>\n<\/tr>\n<tr class=\"row-33\">\n<td class=\"column-1\" style=\"text-align: center;\" colspan=\"2\"><a href=\"http:\/\/www.scubapro.com\/fr-FR\/FRA\/home.aspx\" target=\"_blank\" rel=\"noopener\">SCUBAPRO<\/a><\/td>\n<\/tr>\n<tr class=\"row-34\">\n<td class=\"column-1\" style=\"text-align: center;\" colspan=\"2\"><a href=\"http:\/\/www.cressi-sub.it\/\" target=\"_blank\" rel=\"noopener\">CRESSI-SUB<\/a><\/td>\n<\/tr>\n<tr class=\"row-35\">\n<td class=\"column-1\" style=\"text-align: center;\" colspan=\"2\"><a href=\"http:\/\/www.aqualung.com\/\" target=\"_blank\" rel=\"noopener\">AQUALUNG<\/a><\/td>\n<\/tr>\n<tr class=\"row-36\">\n<td class=\"column-1\" style=\"text-align: center;\" colspan=\"2\"><a href=\"http:\/\/www.beuchat-diving.com\/index.php?id=113\" target=\"_blank\" rel=\"noopener\">BEUCHAT<\/a><\/td>\n<\/tr>\n<tr class=\"row-37\">\n<td class=\"column-1\" style=\"text-align: center;\" colspan=\"2\"><a href=\"http:\/\/www.imersion.net\/\" target=\"_blank\" rel=\"noopener\">IMMERSION<\/a><\/td>\n<\/tr>\n<tr class=\"row-38\">\n<td class=\"column-1\" style=\"text-align: center;\" colspan=\"2\"><a href=\"http:\/\/www.mares.com\/?region=fr\" target=\"_blank\" rel=\"noopener\">MARES<\/a><\/td>\n<\/tr>\n<tr class=\"row-39\">\n<td class=\"column-1\" style=\"text-align: center;\" colspan=\"2\"><a href=\"http:\/\/www.subgear.com\/fr-FR\/FRA\/featured-products.aspx\" target=\"_blank\" rel=\"noopener\">SEEMANN SUB<\/a><\/td>\n<\/tr>\n<tr class=\"row-40\">\n<td class=\"column-1\" style=\"text-align: center;\" colspan=\"2\"><a href=\"http:\/\/www.sporasub.com\/\" target=\"_blank\" rel=\"noopener\">SPORASUB<\/a><\/td>\n<\/tr>\n<tr class=\"row-41\">\n<td class=\"column-1\" style=\"text-align: center;\" colspan=\"2\"><a href=\"http:\/\/www.suunto.com\/fi-FI\/\" target=\"_blank\" rel=\"noopener\">SUUNTO<\/a><\/td>\n<\/tr>\n<\/tbody>\n<\/table>\n","protected":false},"excerpt":{"rendered":"<p>Si vous avez de bonnes adresses qui pourraient int\u00e9resser nos amis plongeurs, n&rsquo;h\u00e9sitez pas \u00e0 contacter le webmestre La FFESSM et sa descendance FFESSM F\u00e9d\u00e9ration Fran\u00e7aise d&rsquo;Etude et de Sports Sous-Marin &#8211; Le Site COMASSUB Comit\u00e9 R\u00e9gional des Activit\u00e9s et Sports Subaquatiques Martinique-Guyane CTR 972 Commission Technique R\u00e9gionale 972 CORSE Comit\u00e9 R\u00e9gional Corse ILE DE &hellip; <\/p>\n<p><a class=\"more-link btn\" href=\"https:\/\/www.cscp-plongee.com\/?page_id=518\">Lire la suite<\/a><\/p>\n","protected":false},"author":2,"featured_media":0,"parent":640,"menu_order":1,"comment_status":"closed","ping_status":"closed","template":"","meta":{"footnotes":""},"class_list":["post-518","page","type-page","status-publish","hentry","nodate","item-wrap"],"_links":{"self":[{"href":"https:\/\/www.cscp-plongee.com\/index.php?rest_route=\/wp\/v2\/pages\/518","targetHints":{"allow":["GET"]}}],"collection":[{"href":"https:\/\/www.cscp-plongee.com\/index.php?rest_route=\/wp\/v2\/pages"}],"about":[{"href":"https:\/\/www.cscp-plongee.com\/index.php?rest_route=\/wp\/v2\/types\/page"}],"author":[{"embeddable":true,"href":"https:\/\/www.cscp-plongee.com\/index.php?rest_route=\/wp\/v2\/users\/2"}],"replies":[{"embeddable":true,"href":"https:\/\/www.cscp-plongee.com\/index.php?rest_route=%2Fwp%2Fv2%2Fcomments&post=518"}],"version-history":[{"count":4,"href":"https:\/\/www.cscp-plongee.com\/index.php?rest_route=\/wp\/v2\/pages\/518\/revisions"}],"predecessor-version":[{"id":3272,"href":"https:\/\/www.cscp-plongee.com\/index.php?rest_route=\/wp\/v2\/pages\/518\/revisions\/3272"}],"up":[{"embeddable":true,"href":"https:\/\/www.cscp-plongee.com\/index.php?rest_route=\/wp\/v2\/pages\/640"}],"wp:attachment":[{"href":"https:\/\/www.cscp-plongee.com\/index.php?rest_route=%2Fwp%2Fv2%2Fmedia&parent=518"}],"curies":[{"name":"wp","href":"https:\/\/api.w.org\/{rel}","templated":true}]}}