{"id":444,"date":"2014-04-30T02:21:03","date_gmt":"2014-04-30T01:21:03","guid":{"rendered":"http:\/\/localhost\/CSCP\/?page_id=444"},"modified":"2025-08-24T14:27:41","modified_gmt":"2025-08-24T13:27:41","slug":"nage-avec-palmes","status":"publish","type":"page","link":"https:\/\/www.cscp-plongee.com\/?page_id=444","title":{"rendered":"Nage avec palmes"},"content":{"rendered":"<p><a href=\"http:\/\/www.cscp-plongee.com\/wp-content\/uploads\/2018\/07\/Nouveau-logo.png\" data-rel=\"lightbox-image-0\" data-rl_title=\"\" data-rl_caption=\"\" title=\"\"><img decoding=\"async\" class=\"alignnone size-full wp-image-2672\" src=\"http:\/\/www.cscp-plongee.com\/wp-content\/uploads\/2018\/07\/Nouveau-logo.png\" alt=\"\" width=\"167\" height=\"97\" \/><\/a><\/p>\n<p style=\"text-align: justify;\"><span style=\"color: #008000; font-family: 'arial black', 'avant garde';\"><a href=\"http:\/\/www.cscp-plongee.com\/wp-content\/uploads\/2013\/11\/devant-la-digue.jpg\" data-rel=\"lightbox-image-1\" data-rl_title=\"\" data-rl_caption=\"\" title=\"\"><img decoding=\"async\" class=\"wp-image-192  alignright\" src=\"http:\/\/www.cscp-plongee.com\/wp-content\/uploads\/2013\/11\/devant-la-digue-300x225.jpg\" alt=\"\" width=\"144\" height=\"108\" srcset=\"https:\/\/www.cscp-plongee.com\/wp-content\/uploads\/2013\/11\/devant-la-digue-300x225.jpg 300w, https:\/\/www.cscp-plongee.com\/wp-content\/uploads\/2013\/11\/devant-la-digue.jpg 640w\" sizes=\"(max-width: 144px) 100vw, 144px\" \/><\/a><span style=\"color: #000000; font-family: 'book antiqua', palatino, serif; font-size: 10pt;\">L&rsquo;activit\u00e9 est pratiqu\u00e9e au sein du club.<\/span><\/span><\/p>\n<p><span style=\"color: #008000; font-family: 'arial black', 'avant garde';\">Public concern\u00e9<\/span><\/p>\n<p style=\"text-align: justify;\"><span style=\"font-family: 'book antiqua', palatino; font-size: 10pt;\">Elle est accessible \u00e0 tous \u00e0 partir de 6 ans. La seule condition initiale est de savoir nager et de pr\u00e9senter un certificat m\u00e9dical de non contre indication. L&rsquo;inscription au club se fait selon les m\u00eames modalit\u00e9s que pour la plong\u00e9e.<\/span><\/p>\n<p><span style=\"font-family: 'book antiqua', palatino; font-size: 10pt;\"><strong>Deux types de pratique sont possibles :<\/strong><\/span><\/p>\n<ul>\n<li><span style=\"font-family: 'book antiqua', palatino; font-size: 10pt;\">Pratique de loisir<\/span><\/li>\n<li><span style=\"font-family: 'book antiqua', palatino; font-size: 10pt;\">Pratique sportive<\/span><\/li>\n<\/ul>\n<p><span style=\"color: #008000; font-family: 'arial black', 'avant garde';\">Entrainement et comp\u00e9titions<\/span><\/p>\n\n\t\t<style type=\"text\/css\">\n\t\t\t#gallery-1 {\n\t\t\t\tmargin: auto;\n\t\t\t}\n\t\t\t#gallery-1 .gallery-item {\n\t\t\t\tfloat: left;\n\t\t\t\tmargin-top: 10px;\n\t\t\t\ttext-align: center;\n\t\t\t\twidth: 33%;\n\t\t\t}\n\t\t\t#gallery-1 img {\n\t\t\t\tborder: 2px solid #cfcfcf;\n\t\t\t}\n\t\t\t#gallery-1 .gallery-caption {\n\t\t\t\tmargin-left: 0;\n\t\t\t}\n\t\t\t\/* see gallery_shortcode() in wp-includes\/media.php *\/\n\t\t<\/style>\n\t\t<div id='gallery-1' class='gallery galleryid-444 gallery-columns-3 gallery-size-thumbnail'><dl class='gallery-item'>\n\t\t\t<dt class='gallery-icon landscape'>\n\t\t\t\t<a href='https:\/\/www.cscp-plongee.com\/wp-content\/uploads\/2013\/11\/pict2547.jpg' title=\"\" data-rl_title=\"\" class=\"rl-gallery-link\" data-rl_caption=\"\" data-rel=\"lightbox-gallery-1\"><img decoding=\"async\" width=\"150\" height=\"150\" src=\"https:\/\/www.cscp-plongee.com\/wp-content\/uploads\/2013\/11\/pict2547-150x150.jpg\" class=\"attachment-thumbnail size-thumbnail\" alt=\"\" \/><\/a>\n\t\t\t<\/dt><\/dl><dl class='gallery-item'>\n\t\t\t<dt class='gallery-icon portrait'>\n\t\t\t\t<a href='https:\/\/www.cscp-plongee.com\/wp-content\/uploads\/2013\/11\/compet-carbet-5-juin-07.jpg' title=\"\" data-rl_title=\"\" class=\"rl-gallery-link\" data-rl_caption=\"\" data-rel=\"lightbox-gallery-1\"><img loading=\"lazy\" decoding=\"async\" width=\"150\" height=\"150\" src=\"https:\/\/www.cscp-plongee.com\/wp-content\/uploads\/2013\/11\/compet-carbet-5-juin-07-150x150.jpg\" class=\"attachment-thumbnail size-thumbnail\" alt=\"\" \/><\/a>\n\t\t\t<\/dt><\/dl>\n\t\t\t<br style='clear: both' \/>\n\t\t<\/div>\n\n<p style=\"text-align: justify;\"><span style=\"font-family: 'book antiqua', palatino; font-size: 10pt;\">Les entra\u00eenements se d\u00e9roulent en mer et en piscine. Ils sont assur\u00e9s par des moniteurs ou des initiateurs de nage avec palmes brevet\u00e9s.<\/span><\/p>\n<p><span style=\"font-family: 'book antiqua', palatino; font-size: 10pt;\">Les horaires sont les suivants : &#8211; les dimanches matin \u00e0 9h00 au Club sur le Port de Case Pilote. L&rsquo;activit\u00e9 est possible en bipalmes ou en monopalme. Les clubs associ\u00e9s organisent des comp\u00e9titions avec des \u00e9preuves adapt\u00e9es \u00e0 l&rsquo;\u00e2ge des comp\u00e9titeurs; En mer les distances parcourues vont de 200m \u00e0 6000 m\u00e8tres (le Grand Fond). En piscine, ce sont des \u00e9preuves de vitesses. Un bateau de s\u00e9curit\u00e9 est assur\u00e9 pour la nage avec palmes.<\/span><\/p>\n<p><span style=\"color: #008000; font-family: 'arial black', 'avant garde';\">Tarifs<\/span><\/p>\n<p><span style=\"font-family: 'book antiqua', palatino; font-size: 10pt;\">En dehors des frais d&rsquo;inscription au club ( licence + cotisation ) il vous sera demand\u00e9 une cotisation sp\u00e9cifique \u00ab\u00a0nage avec palmes\u00a0\u00bb de 10\u20ac.<\/span><\/p>\n<hr \/>\n<hr \/>\n<p style=\"text-align: center;\"><span style=\"font-family: 'book antiqua', palatino; font-size: 10pt;\"><a href=\"http:\/\/www.nageavecpalmes-ffessm.com\/\" target=\"_blank\" rel=\"noopener noreferrer\">Commission Nationale Nage avec Palme<\/a><\/span><\/p>\n<p style=\"text-align: center;\"><a href=\"https:\/\/www.youtube.com\/watch?v=CnkZwqC_WPo&amp;list=UUNTfegFd1RizG5DinVfMxpw\" target=\"_blank\" rel=\"noopener noreferrer\">Clip\u00a0promotionnel de la Nage avec Palmes,<\/a><br \/>\n<a href=\"https:\/\/www.youtube.com\/watch?v=CnkZwqC_WPo&amp;list=UUNTfegFd1RizG5DinVfMxpw\" target=\"_blank\" rel=\"noopener noreferrer\"> r\u00e9alis\u00e9 par la Commission Nationale NAP\u00a0de la FFESSM<\/a><\/p>\n<p style=\"text-align: center;\"><a href=\"https:\/\/ffessm-martinique-guyane.fr\/les-commissions\/nage-avec-palmes\/\" target=\"_blank\" rel=\"noopener noreferrer\"><span style=\"font-family: 'book antiqua', palatino; font-size: 10pt;\">Commission R\u00e9gion Martinique Nage avec Palme<\/span><\/a><\/p>\n<hr \/>\n","protected":false},"excerpt":{"rendered":"<p>L&rsquo;activit\u00e9 est pratiqu\u00e9e au sein du club. Public concern\u00e9 Elle est accessible \u00e0 tous \u00e0 partir de 6 ans. La seule condition initiale est de savoir nager et de pr\u00e9senter un certificat m\u00e9dical de non contre indication. L&rsquo;inscription au club se fait selon les m\u00eames modalit\u00e9s que pour la plong\u00e9e. Deux types de pratique sont &hellip; <\/p>\n<p><a class=\"more-link btn\" href=\"https:\/\/www.cscp-plongee.com\/?page_id=444\">Lire la suite<\/a><\/p>\n","protected":false},"author":2,"featured_media":0,"parent":598,"menu_order":5,"comment_status":"closed","ping_status":"closed","template":"","meta":{"footnotes":""},"class_list":["post-444","page","type-page","status-publish","hentry","nodate","item-wrap"],"_links":{"self":[{"href":"https:\/\/www.cscp-plongee.com\/index.php?rest_route=\/wp\/v2\/pages\/444","targetHints":{"allow":["GET"]}}],"collection":[{"href":"https:\/\/www.cscp-plongee.com\/index.php?rest_route=\/wp\/v2\/pages"}],"about":[{"href":"https:\/\/www.cscp-plongee.com\/index.php?rest_route=\/wp\/v2\/types\/page"}],"author":[{"embeddable":true,"href":"https:\/\/www.cscp-plongee.com\/index.php?rest_route=\/wp\/v2\/users\/2"}],"replies":[{"embeddable":true,"href":"https:\/\/www.cscp-plongee.com\/index.php?rest_route=%2Fwp%2Fv2%2Fcomments&post=444"}],"version-history":[{"count":25,"href":"https:\/\/www.cscp-plongee.com\/index.php?rest_route=\/wp\/v2\/pages\/444\/revisions"}],"predecessor-version":[{"id":3583,"href":"https:\/\/www.cscp-plongee.com\/index.php?rest_route=\/wp\/v2\/pages\/444\/revisions\/3583"}],"up":[{"embeddable":true,"href":"https:\/\/www.cscp-plongee.com\/index.php?rest_route=\/wp\/v2\/pages\/598"}],"wp:attachment":[{"href":"https:\/\/www.cscp-plongee.com\/index.php?rest_route=%2Fwp%2Fv2%2Fmedia&parent=444"}],"curies":[{"name":"wp","href":"https:\/\/api.w.org\/{rel}","templated":true}]}}